 130*k - 929232 = 234*k. What are the prime factors of k?
3, 239
Let a(w) = -w - 17. Let v be a(0). Let k(n) = 6*n + 66*n**2 + 41*n - 11*n - 63*n**2 + 13. List the prime factors of k(v).
2, 67
Let z(p) = 6872*p - 31. List the prime factors of z(1).
6841
Suppose -5*a + 4*a = 0. Suppose -2*u + 5*q + 3 + 6 = 0, 2*q + 2 = a. Suppose u*x - 2*j = 114, -2*x + 7*x + j - 267 = 0. List the prime factors of x.
2, 3
Let b(d) = -d**2 - 17*d - 12. Let p(z) be the third derivative of z**4/3 - 35*z**3/3 + 21*z**2. Let k be p(8). List the prime factors of b(k).
2, 3
Let b = 5584 + 4651. List the prime factors of b.
5, 23, 89
Suppose -4*h + g + 609 = -6*h, 0 = -h - g - 305. Let b(y) = 6*y**2 + 87*y + 61. Let o be b(-18). Let t = o + h. List the prime factors of t.
3, 5
Let n(r) = -r**3 - 19*r**2 - 53*r - 561. What are the prime factors of n(-32)?
14447
Suppose 5*a = -20, -q - 3*a = 4*q + 662. Let z = q - -125. List the prime factors of z - 3956/(-16) - 2/8.
2, 11
Let m(a) = -6*a + 35. Let z be ((-16)/(-12))/2 + 66/9. Let d be 1*4*-2*(z + -6). What are the prime factors of m(d)?
131
Suppose -17296 = 410*k - 418*k. Suppose 2*f + 3*w = 2176, -2*w - 2*w - k = -2*f. List the prime factors of f.
5, 7, 31
Suppose -14*w = -10*w - 8. Suppose 30 = w*t - 22. What are the prime factors of t?
2, 13
Let d(z) = 3*z + 32. Let o be d(-9). Suppose -f = -s - 0*f + 308, o*f = 2*s - 622. What are the prime factors of s?
2, 3, 17
Suppose -4*i + 3*u = 201, 6*i - i + 5*u = -225. What are the prime factors of -7 - -2 - (i/6 - 414)?
3, 139
Suppose -3*w - 4*o + 2774 = 0, w - 18*o - 914 = -14*o. What are the prime factors of w?
2, 461
Suppose -p - 759 = -2*l + 27, l = 2*p + 1584. Let z = 1315 + p. List the prime factors of z.
521
Let s be 8/((-224)/30140) - 3/(-7). Let w = -620 - s. What are the prime factors of w?
2, 3, 19
Suppose -v + 9 = 3*m, 1 = 2*m - 3*v + 6. Suppose 0 = z + z + m*z. Suppose -x - 6*x + 413 = z. What are the prime factors of x?
59
Suppose -6*q + 182 = -778. Let k be ((-3)/(-5))/(32/q). List the prime factors of ((-1050)/(-9) - -4)/(2/k).
181
Let t(n) = 64*n**2 + 2*n - 276. What are the prime factors of t(12)?
2, 3, 83
Let h be 158*(1224/16)/(-17). Let z = -614 - h. List the prime factors of z.
97
Suppose -275*l - q + 33387 = -274*l, -4*l + 2*q = -133548. What are the prime factors of l?
3, 31, 359
Let a be 2499/189 + 2/(-9). Suppose 21 - a = 2*w. Suppose 5*l - 552 = -2*p, 4*l + w*p = -0*l + 432. What are the prime factors of l?
2, 7
Suppose -524 = -b - 4*x, 12*x - 7*x + 1009 = 2*b. Let s = 163 + b. List the prime factors of s.
3, 5
Suppose -3*y + 25 = -4*u, 4*y - 3*u = -0 + 24. Suppose -y*k + 72 = t, 6*t + k = 9*t - 246. What are the prime factors of t?
3
Let x(t) = 82*t**2 - 219*t - 82. What are the prime factors of x(21)?
31481
Suppose -x - 12*x = 78. List the prime factors of x + (1 - -1452) + 1.
2, 181
Suppose 5*r = 5*q + 56875, -5*r + 56875 = 3485*q - 3484*q. List the prime factors of r.
5, 7, 13
What are the prime factors of (1/3*-1931)/(201/(-1809))?
3, 1931
Suppose 0 = 162*b - 338*b - 210*b + 1289240. List the prime factors of b.
2, 5, 167
Let c be (-352)/12*(-5 + 2 + 0). Let q = -1824 + c. List the prime factors of 6/9 + 0 - q/24.
73
Let r = -83 - -100. Suppose -r*c + 6029 = 1473. Suppose -4*s = -8 - 8, 3*a + s = c. What are the prime factors of a?
2, 11
Let c be (-1)/(-6)*2 - 20/15. Let s be 72/15*(c + 3 + 8). Let v = 185 - s. What are the prime factors of v?
137
Suppose 15*y - 42*y - 37*y + 2617280 = 0. What are the prime factors of y?
5, 8179
Suppose -1 = l, 0 = -8*m + 10*m + 2*l - 14492. List the prime factors of m.
7247
Let k(v) be the third derivative of -1/60*v**5 + 13*v**2 - 1/2*v**3 + 1/8*v**4 + 0*v + 0 - 1/24*v**6. List the prime factors of k(-2).
3
Let y(f) = -17*f - 64. Let z be y(-13). Suppose -4*r = -s - 0*r + 58, -4*s + r = -z. List the prime factors of 95/s + (-519)/(-2).
2, 131
Let g(u) = 10*u + 66. Let o(l) = -15*l - 100. Let v(j) = -8*g(j) - 5*o(j). Let a be v(-8). What are the prime factors of a/15 + 9728/40?
2, 61
Let z = -9953 + 22228. What are the prime factors of z?
5, 491
Let x = -221 + 64. Let p(d) = -14*d - 38. Let f be p(-3). What are the prime factors of 2/f + x/(-2)?
79
Let q(z) = 8*z**2 - 275*z - 282. What are the prime factors of q(65)?
15643
Let i be (((-3360)/36)/4)/((-2)/132). Suppose -i = -5*n + 550. What are the prime factors of n?
2, 11, 19
Suppose -3*w + 0*w - 216 = 2*a, 208 = -2*a - 5*w. Let s = a + 195. What are the prime factors of s?
3
Let v = 487 - 456. Suppose -15900 = -v*n + 6*n. List the prime factors of n.
2, 3, 53
Let m be 1/(-3) + 1444/12. Suppose 2*n - n = m. Let o = n - 61. What are the prime factors of o?
59
Let t(h) = -h**3 + 10*h**2 - 9*h + 3. Suppose 0 = -13*o + 16*o - 18. Suppose -54 = -o*m - 3*m. What are the prime factors of t(m)?
3, 31
Let m = 161 - 152. Suppose -3178 = 2*v - m*v. List the prime factors of v.
2, 227
Let y = 27 + 2. Let a = y - 27. Suppose -a*n - 2*n + i + 432 = 0, n + i - 113 = 0. What are the prime factors of n?
109
Let j(l) = l**2 - 64*l - 201. List the prime factors of j(77).
2, 5
Let n(t) = 3*t**3 - 6*t**2 - 18*t + 12. Let u be n(20). Suppose 0 = 35*z - u - 29288. What are the prime factors of z?
2, 19
Let n = 27 + -9. Suppose -3*s - 6*m = -3*m - n, 22 = -3*s + 5*m. What are the prime factors of s*4 + 78 + -2?
2, 5
Let j = -973 - -1684. Let a = j - 225. List the prime factors of a.
2, 3
Suppose 0*x - 4 = 2*x. Let k be x*(-21)/18*3. List the prime factors of ((4 - k) + -29)*-2.
2
Suppose 0 = -103*k + 135*k - 559904. What are the prime factors of k?
17497
Let c be (-15)/6*8 + 3/(-3). What are the prime factors of ((-150)/7)/(3/c)?
2, 3, 5
Suppose 20*v - 8 = 21*v, -3*o + 5*v = -76918. What are the prime factors of o?
2, 3, 4271
Let d be -1 + 0 + 29 + (0 - -2). Suppose -3*q = 3*q - d. Suppose -5*h - 450 = -3*c - 2*c, c + q*h = 72. List the prime factors of c.
3, 29
Suppose 22 = 2*v + 2*x - 16, v - 2*x = 10. List the prime factors of v.
2
Let u(g) = 4*g**3 - 14*g**2 + 6*g - 20. Let h be u(4). Let p(a) = a + 1. Let n be p(3). What are the prime factors of 0/(-3) + 4*(h - n)?
2
Suppose -1443 = 5*z - 8*z. Suppose -m = 2*i - 626, -2*i + m = -z - 153. What are the prime factors of i?
3, 5, 7
Let a = -338 + 2430. List the prime factors of a.
2, 523
What are the prime factors of 4/(-1) + -1 - -5139?
2, 17, 151
Let z(a) = -a**2 - 9*a - 9. Let m be z(-7). Let w(t) = -t**3 + 6*t**2 - t - 5. Let h be w(m). Suppose 0 = -o + 2*o - h. What are the prime factors of o?
3, 5
Suppose -n = -2*n - 3*p + 48, 0 = -n + p + 56. What are the prime factors of 21800/72 + (-4 - (-228)/n)?
3, 101
Suppose 20 = 4*p - 2*l, -4*l - 4 = -4*p + 8*p. Suppose 4*d = 12*d - 224. Suppose y = -p*o + d + 433, -4*o - y = -614. List the prime factors of o.
3, 17
Suppose 1268 = -9*o + 35. Let h = 458 + o. List the prime factors of h.
3, 107
Suppose -5*o + t + 93759 = 0, -2*o - 2*t + 24890 = -12616. What are the prime factors of o?
2, 293
Suppose -1080 = -6*y - 2*y. Let u be y/3*12/5. Suppose 3*w - 45 = u. What are the prime factors of w?
3, 17
List the prime factors of (-8)/((120/18590)/(-6)).
2, 11, 13
Suppose 24 = -5*z - 3*b + 4, 9 = -4*z - b. Let p(t) = 43*t - 4. Let s be p(6). List the prime factors of (s/z)/((-14)/7).
127
Let z(i) = 3*i**2 - 7*i + 8. Let g be z(1). Suppose -4*d + 5*s + 1222 + 899 = 0, g*d + 2*s = 2142. What are the prime factors of d?
2, 3, 89
Let c = -659 + 692. Suppose 5*p = u + 296, -34*u = -2*p - c*u + 116. What are the prime factors of p?
2, 3, 5
Let x(y) = 299*y**3 + 2*y**2 - 9*y - 1. List the prime factors of x(2).
2381
Let j(r) = 33*r + 31. Let b be j(8). Let h = b - 198. Suppose 0 = a - 3*y - h + 3, 0 = -3*a - y + 242. What are the prime factors of a?
2, 41
List the prime factors of ((-21021)/105 - 21)/((-2)/335).
7, 67, 79
Let q(y) = -y**3 + 10*y**2 - 52. Let m = -15 + 22. List the prime factors of q(m).
5, 19
Let p = -890 + 1925. Suppose -3*b + 8*b = p. Let j = b + -140. What are the prime factors of j?
67
Let x be (-51)/119 - 59/(-7). Suppose -9*v + 105 = -x*v. Suppose 0*z + v = 3*z. What are the prime factors of z?
5, 7
Let u = 59849 + -38724. What are the prime factors of u?
5, 13
Let y(f) = 426*f**2 + 525*f - 4814. List the prime factors of y(9).
127, 271
Let r(g) = 2*g**2 - g + 239. Let 